r + 28 = -1332. What is the tens digit of r?
3
Let k(l) = l**3 - l**2 + l + 3. Let u be k(0). Let v be u/1 + 5/5. Suppose -3*p = -2*r + 17, -4*p = 5*r - 4 - v. What is the units digit of r?
4
Let n(w) = -w**2 + 9*w - 8. Let b be n(11). What is the tens digit of b*(-4 + (-56)/(-20))?
3
Suppose 5*p - 19 = -4*c - 6, 0 = -4*c - 2*p + 10. Suppose c*l - 3 = -3*l - 4*z, -5*z - 18 = -l. What is the units digit of l?
3
Let h(t) = 2*t**2 - 4*t. Let r(b) = -b**3 + 5*b**2 - b - 5. Let j be r(5). Let c = j + 13. What is the units digit of h(c)?
6
Suppose -5*g = 4*a - g - 24, 2*a - 6 = 4*g. Suppose -4*j - b + 1 + 11 = 0, 2*b - 15 = -a*j. What is the units digit of j?
3
Let o(j) be the first derivative of j**2/2 + j - 1. Let a be o(3). Suppose 4*g + a*r = 52, -3*r = 5*g - 25 - 50. What is the tens digit of g?
1
Let b(u) = 19*u + 4. Let r be b(8). Let x = -52 + r. What is the hundreds digit of x?
1
Suppose 1 = k, -193 = -5*n - 2*k + 234. Let b = n - 2. What is the tens digit of b?
8
Let j(v) = -10*v - 15*v + 107*v. What is the units digit of j(1)?
2
Suppose -26*r + 21827 + 7293 = 0. What is the tens digit of r?
2
Let y(i) = -31*i - 3*i - 36 + 11*i. What is the hundreds digit of y(-6)?
1
Suppose -6053 + 513 = -5*u. What is the tens digit of u?
0
Suppose 7*b - 11*b = -2100. What is the units digit of b?
5
Let n = -20 - -25. Suppose 390 = 4*j + n*g, -g - 8 = 3*g. What is the hundreds digit of j?
1
Suppose -8*l + l = -14. Suppose -l*s = -246 + 90. What is the tens digit of s?
7
Let g be (-3)/4 + (-6)/(-8). What is the tens digit of ((-9)/6)/((-3)/24 + g)?
1
Let u = -9 + 11. Suppose 25 = -u*m + 75. What is the tens digit of m?
2
Let p = -107 - -761. What is the units digit of p?
4
Let c be (-1)/(7/(-1124)) - (-9)/21. Let d = 228 - c. What is the tens digit of d?
6
Let c(q) = -6*q - 50. Let a be c(0). Let g = 194 + a. What is the hundreds digit of g?
1
Let o = -376 + 652. Let d = o + -158. What is the tens digit of d?
1
Let x = -46 + 27. Let w(g) = -g**3 - 18*g**2 + 19*g + 1. What is the units digit of w(x)?
1
Let m(h) = 2*h**2 + 16*h + 145. What is the units digit of m(-30)?
5
Let z be 10/(-25) + (-52)/(-5). What is the tens digit of 6*-1*(-65)/z?
3
Let k(v) = -2*v**3 + 5*v**2 + 17*v + 7. What is the hundreds digit of k(-7)?
8
Let k be (12 - 9)/(6*1/4). Suppose 4*z = 2*s + 3*s + 360, -166 = -k*z - s. What is the tens digit of z?
8
Let g = 68 + -37. Suppose 231 = g*i - 28*i. What is the tens digit of i?
7
Let d(v) = -v**3 + 21*v**2 - 33*v - 6. Let q(y) = 18*y**2 + 2*y - 1. Let z be q(1). What is the units digit of d(z)?
9
Suppose -n = -0*n + 21. Let a = 23 + n. Suppose -a*l + 41 = -19. What is the tens digit of l?
3
Let q = 46 + -10. Suppose -2*y = y - q. What is the tens digit of y?
1
Suppose -31356 - 12504 = -12*i. What is the units digit of i?
5
What is the hundreds digit of ((-356)/(-2))/(20/30)?
2
Let o = -52 + 59. Suppose 0 = o*u - 3*u - 5*p - 9, -3 = -u + 2*p. What is the units digit of u?
1
Let o(a) = -a**2 + 6*a + 11. Let b be o(7). Suppose 2*p = b*p - 182. What is the tens digit of p?
9
Suppose 5*t - 242 = -62. Suppose -9*d = -6*d - t. What is the tens digit of d?
1
Let w(l) = -41*l - 1024. What is the units digit of w(-32)?
8
Suppose 1670 = 4*f + 5*u, -5*f - u + 4*u = -2106. What is the tens digit of f?
2
Suppose -7*x = -0 + 7. What is the units digit of 87 + (2 - x - 5)?
5
Suppose -4*d + 20 = -0*d. Suppose d*q + 278 = 4*v, -3*v + 0*q + 214 = -q. What is the tens digit of v?
7
Let o = -83 - -86. Suppose 5*f = -x + 78 + 80, 0 = o*f + x - 96. What is the tens digit of f?
3
Let t(a) = -1903*a - 126. What is the tens digit of t(-2)?
8
Let b = 2085 + -1092. What is the hundreds digit of b?
9
Let m = 10 - 10. Suppose -z + 0 + 20 = m. Suppose 0*k + 2*k = z. What is the units digit of k?
0
Let f = -198 - -288. What is the units digit of f?
0
Let j be 308/33*6/7. Suppose -83 + 411 = j*s. What is the units digit of s?
1
What is the units digit of (-3384)/(-10) + 10/(-25)?
8
Let s = 57 - 55. Suppose 26 = s*l + 3*i, -l + 5 - 2 = -i. What is the units digit of l?
7
Let r(d) = -d**3 - 6*d**2 + 5*d + 10. Suppose -7*i = -2*i + 35. What is the tens digit of r(i)?
2
Let q = 1962 + -990. What is the hundreds digit of q?
9
Suppose 3*u = -2*u + 5, -3237 = -3*v - 3*u. What is the tens digit of v?
7
Suppose -o = -3*o + 4*n - 344, 2*o - 2*n = -334. Let p = o - -233. What is the units digit of p?
1
Suppose -c + 5*x + 43 = 0, 2*c - 5*x - 62 = 19. Suppose 4 + 3 = -j - 2*t, t = -j - 7. Let h = c + j. What is the units digit of h?
1
Let m(h) = -4*h + 14. Suppose -5*r - 24 = c, 4*c = -2*r - 0*r - 6. What is the units digit of m(r)?
4
Suppose 4*p + 4648 = 4*n, -2328 = 2*n - 4*n + 3*p. What is the tens digit of n?
5
Let q(d) = 16*d**2 - 27*d - 4. What is the hundreds digit of q(4)?
1
Let a be 1*41 - (2 + -5). Suppose 0 = -3*m + 148 + a. What is the tens digit of m?
6
Suppose -173*d = -165*d - 7232. What is the hundreds digit of d?
9
Let m(q) be the third derivative of 83*q**4/24 - 5*q**3/6 - 38*q**2. What is the units digit of m(3)?
4
Let g(b) = -27*b**3. Let d be g(1). Let r = -12 - d. What is the tens digit of r?
1
Suppose 2*d - 20 = 7*d. Let r(h) = h**3 - 15*h**2 + 16*h - 19. Let z be r(14). Let n = d + z. What is the units digit of n?
5
Suppose -5*q = -0*q. Suppose -3*o + a = 6, q*a = 4*a - 12. Let u = 18 + o. What is the tens digit of u?
1
Suppose 5*v - 7 = 3. Let k(w) = -5 + 5*w**2 + v*w + w**3 + 9 + w. What is the units digit of k(-4)?
8
Suppose 4*g = 5*f - 2*f + 26, 4*f + 18 = 2*g. Let v be 1 - f/(-4)*-26. What is the units digit of 4/v - (-378)/49?
8
Let w(d) be the second derivative of -d**3/6 + 25*d**2/2 - 10*d. What is the tens digit of w(13)?
1
Suppose 33*g + 1956 - 32184 = 0. What is the units digit of g?
6
Let k be (2 - (-9)/(-3))/(-1). Let r(n) = n. Let s(p) = 28*p + 3. Let m(b) = k*s(b) + 2*r(b). What is the tens digit of m(1)?
3
Suppose 2*n - 5*y + 2*y = 80, 2*y - 33 = -n. Suppose -n*u - 80 = -42*u. What is the units digit of u?
6
Suppose 2*a = -b, b = a - 10 + 4. Let d(n) = 0*n + 0*n + 0*n - 2 - a*n. What is the tens digit of d(-7)?
1
Let q(j) = -2*j**2 + 2*j + 2. Let r(w) = w**2. Let s(a) = -2*q(a) + 12*r(a). What is the units digit of s(3)?
8
Suppose 3*k - 35 + 5 = 0. Suppose -k*f = -11*f + 23. What is the units digit of f?
3
Suppose -2*s - 3*u = 4, 4*s + 10*u = 5*u - 4. Suppose -4*f - 2*h = -68, 5*f - 138 + 50 = -s*h. What is the units digit of (-1)/((-52)/f + 3)?
4
Suppose w + 25 = -4*w. What is the units digit of ((-6)/w)/((-72)/(-240))?
4
Let c(a) = -a**3 - a**2 + 6*a - 3. Let l be c(4). What is the tens digit of (-9)/3 - -3 - l?
5
Let y(m) = -15*m. Let o be y(-3). Let u = o - -22. What is the units digit of u?
7
What is the hundreds digit of 6*-1*(1 + 178/(-6))?
1
Let w = -209 - -179. Suppose -2*l + 35 = -l. Let y = l + w. What is the units digit of y?
5
Let y = -64 - -68. Suppose -5*f + y*g = -513, 4*g + 412 = -f + 5*f. What is the units digit of f?
1
Suppose -527*u = -528*u + 703. What is the hundreds digit of u?
7
Let u(v) = -v - 4. Let z be u(-4). Let r(y) = -y**3 + y**2 - y - 114. Let w be r(z). What is the units digit of 3/(-2) - w/12?
8
What is the units digit of 2674 + 61 + (-9)/1?
6
Suppose 2*i + 1 = 5*c + 20, -2*c = -i + 9. Suppose i*h - 343 = 210. What is the units digit of h?
9
Let x = 2 - -347. What is the units digit of x?
9
Let h = 342 - -201. What is the units digit of h?
3
Let o(t) be the first derivative of t**4/4 - 4*t**3 + 3*t**2 + 15*t - 9. Let l be o(11). What is the units digit of (-496)/l - (-4)/(-10)?
2
Suppose -8*p + 9*p = -15. Let x = 76 + p. What is the units digit of x?
1
Suppose -4*n + 133 + 35 = 0. Suppose 0 = c + 2*c - n. What is the units digit of c?
4
Let d = 88 + -85. Suppose 2*n = d*g - 3*n - 453, 0 = -4*n. What is the hundreds digit of g?
1
Let x be (-12)/12*(0 + 0). Suppose -w + 56 + 6 = x. What is the units digit of w?
2
Suppose 1799 + 1126 = 13*k. What is the units digit of k?
5
Let a(c) = 12*c**2 + 3*c - 1. Let b be a(3). Suppose -b = 5*k - 1. Let v = -3 - k. What is the units digit of v?
0
Let q be ((-9)/(-3))/((-9)/(-12)). What is the tens digit of 29*(9 + -8 + q)?
4
Let u be ((-1)/3)/((-1)/18). Suppose 2*h + 3*l = 3*h - u, h + 5*l = -2. What is the units digit of h + (-1 - 1 - -4)?
5
Suppose 11 = 4*o + a, a = -0